{"id":22,"date":"2024-12-25T20:24:20","date_gmt":"2024-12-25T19:24:20","guid":{"rendered":"https:\/\/www.lucni-kviti.cz\/?page_id=22"},"modified":"2024-12-25T20:51:55","modified_gmt":"2024-12-25T19:51:55","slug":"kontakty","status":"publish","type":"page","link":"https:\/\/www.lucni-kviti.cz\/?page_id=22","title":{"rendered":"Kontakty"},"content":{"rendered":"\n<p><\/p>\n\n\n\n<div class=\"wp-block-columns is-layout-flex wp-container-core-columns-is-layout-28f84493 wp-block-columns-is-layout-flex\">\n<div class=\"wp-block-column is-layout-flow wp-block-column-is-layout-flow\">\n<p>Petra a Ivana Borkovcovy<br>L\u00edsky 21<br>Brno, 624 00<\/p>\n<\/div>\n\n\n\n<div class=\"wp-block-column is-layout-flow wp-block-column-is-layout-flow\">\n<p class=\"has-text-align-center\" style=\"font-size:clamp(0.875rem, 0.875rem + ((1vw - 0.2rem) * 0.542), 1.2rem);\"><strong>+420 605 96 56 06<\/strong><br><br>\u010d\u00edslo \u00fa\u010dtu: 1168099045\/3030<\/p>\n<\/div>\n<\/div>\n","protected":false},"excerpt":{"rendered":"<p>Petra a Ivana BorkovcovyL\u00edsky 21Brno, 624 00 +420 605 96 56 06 \u010d\u00edslo \u00fa\u010dtu: 1168099045\/3030<\/p>\n","protected":false},"author":1,"featured_media":0,"parent":2,"menu_order":0,"comment_status":"closed","ping_status":"closed","template":"","meta":{"footnotes":""},"class_list":["post-22","page","type-page","status-publish","hentry"],"_links":{"self":[{"href":"https:\/\/www.lucni-kviti.cz\/index.php?rest_route=\/wp\/v2\/pages\/22","targetHints":{"allow":["GET"]}}],"collection":[{"href":"https:\/\/www.lucni-kviti.cz\/index.php?rest_route=\/wp\/v2\/pages"}],"about":[{"href":"https:\/\/www.lucni-kviti.cz\/index.php?rest_route=\/wp\/v2\/types\/page"}],"author":[{"embeddable":true,"href":"https:\/\/www.lucni-kviti.cz\/index.php?rest_route=\/wp\/v2\/users\/1"}],"replies":[{"embeddable":true,"href":"https:\/\/www.lucni-kviti.cz\/index.php?rest_route=%2Fwp%2Fv2%2Fcomments&post=22"}],"version-history":[{"count":4,"href":"https:\/\/www.lucni-kviti.cz\/index.php?rest_route=\/wp\/v2\/pages\/22\/revisions"}],"predecessor-version":[{"id":34,"href":"https:\/\/www.lucni-kviti.cz\/index.php?rest_route=\/wp\/v2\/pages\/22\/revisions\/34"}],"up":[{"embeddable":true,"href":"https:\/\/www.lucni-kviti.cz\/index.php?rest_route=\/wp\/v2\/pages\/2"}],"wp:attachment":[{"href":"https:\/\/www.lucni-kviti.cz\/index.php?rest_route=%2Fwp%2Fv2%2Fmedia&parent=22"}],"curies":[{"name":"wp","href":"https:\/\/api.w.org\/{rel}","templated":true}]}}